= 0*y**3 + 6 - y**2 + 10497*y + 3 - 10495*y - 2*y**3. Let b be l(-5). What is the greatest common divisor of 7 and b?
7
Suppose 7720 = 14*r + 3100. Let z = 393 - r. Let d be (-2)/(1 - 33/27). Calculate the greatest common factor of d and z.
9
Let z = -172 + 166. Let x be (-12)/9 + -2 + (-32)/z. Calculate the greatest common divisor of x and 4.
2
Let o be ((2 - 67)/(-5))/(318/(-162) - -2). What is the highest common divisor of 507 and o?
39
Let t be (36/54)/((-3)/(-9)). Suppose -340 = -2*g - 2*h, 5*g = 3*h - t*h + 838. What is the greatest common divisor of 42 and g?
42
Let d be 2 + 3*((-14)/6 - -3). Suppose -3*n = -n + 10, -d*s + 517 = -5*n. Let z = s - 86. Calculate the greatest common factor of 111 and z.
37
Suppose -2*u = -u - 2, 5*g = u - 342. Let w = 58 + g. Let p be ((-12)/w)/(15/450). What is the highest common factor of 18 and p?
18
Suppose -3*b = 4 + 32. Let x = -6 - b. Let v be (286/4)/(3/x). What is the highest common divisor of 13 and v?
13
Let i(l) = -l**3 + 69*l**2 - 5*l - 228. Let h be i(67). Calculate the greatest common factor of 132 and h.
33
Suppose -1323 + 1371 = 8*f. Let s be (0 + 1 - 4)*-9. Suppose 87 = f*i + s. Calculate the highest common divisor of i and 110.
10
Let a be ((-560)/(-20) - 25) + (-6022)/(-2). Calculate the highest common factor of a and 110.
22
Let z = -3742 - -4758. What is the highest common divisor of 16 and z?
8
Let q(p) = 5*p**3 - 11*p**2 - 4*p - 4. Let a be q(8). Suppose -20*m + 33*m - a = 0. What is the greatest common divisor of m and 40?
20
Suppose 8*i = 5*i + 39. Let a = i - 8. Let y = -474 + 519. What is the highest common factor of y and a?
5
Let y be (((-37726)/52)/(-1))/(2/36). What is the greatest common divisor of y and 9?
9
Let q(l) = -l**2 + 27*l - 82. Let s(w) = w**3 - 18*w**2 + 20*w - 36. Let j be s(17). Let h be q(j). Calculate the highest common factor of 49 and h.
49
Let b(m) = 11*m**2 - 3 + 2*m - 2*m**3 + 0*m**3 + 2*m. Let a(w) = 430*w - 3005. Let d be a(7). Let t be b(d). What is the highest common factor of t and 14?
14
Let r(y) = -y**3 + 15*y**2 - 7*y + 466. Let k be r(16). What is the greatest common divisor of k and 4459?
49
Let c(x) = -34*x + 245. Let i be c(-5). Calculate the greatest common divisor of 747 and i.
83
Let u be 4*(-33)/(-6)*(-1)/(-2). Let c = u - -290. Calculate the greatest common divisor of c and 43.
43
Let z(t) = t**2 - 10*t - 9. Let g be z(11). Suppose 29*x - 2239 = 2517. Calculate the greatest common factor of x and g.
2
Let p = -116 - -351. Suppose 232*u = p*u - 90. Let v = -129 + 369. Calculate the greatest common divisor of v and u.
30
Suppose 36*r = 25*r + 2178. What is the highest common factor of r and 4?
2
Let h(k) = k**3 - 14*k**2 + 60*k - 118. Let n be h(9). What is the greatest common divisor of 2567 and n?
17
Let a be 6*(-15)/(-18) + 24. Suppose 4*f = 2*z + 2, -4*z + 38 = 5*f + 16. Let i be 1/f*-2 + 30. What is the greatest common factor of i and a?
29
Let d be (-20)/(3 - 7) + -8. Let r be (-1 - -2)/(0 - d/30). Let v = -4 + 19. What is the highest common factor of r and v?
5
Suppose 3*p + 81 = -y, 4*y + 19 = 4*p + 143. Let t be (p/5)/((-3)/30). Suppose 0 = 25*s + 1942493 - 1942668. What is the highest common divisor of t and s?
7
Suppose -12*k - 3*m - 14 = -11*k, 4*k - m = 22. What is the greatest common factor of 1396 and k?
4
Suppose 32*k = 61*k - 43500. What is the greatest common factor of k and 140?
20
Let h be (92/(-22))/(344/(-1892)). What is the highest common divisor of 437 and h?
23
Let j = 966 - 669. Suppose h - 2407596 = -2407578. What is the greatest common divisor of j and h?
9
Let r = 12171 - 12080. What is the greatest common divisor of 481 and r?
13
Suppose -124*r + 120*r + 40 = 0. Suppose a = -5*u + 82, -u = r*a - 12*a - 12. Calculate the highest common divisor of u and 1024.
16
Let q be (-16)/14*70/(-4). Let i be -5 + q*(-1)/(-2) + 12. Calculate the highest common divisor of i and 272.
17
Let i = 125 - -314. Let a = 455 - i. What is the greatest common divisor of 656 and a?
16
Suppose 12*k = 7*k, -5*v + 130 = 3*k. Let g(w) = 5*w**2 - 7*w + 5. Let s be g(6). Calculate the greatest common divisor of v and s.
13
Suppose 4500 = 1782*i - 1772*i. Calculate the highest common divisor of 800 and i.
50
Let l(q) = 622*q + 84206. Let s be l(-134). Suppose 68 = 2*g - 64. Calculate the highest common factor of s and g.
66
Let n = -636 + 900. What is the greatest common factor of 1408 and n?
88
Suppose -5*r + 2*r + 3 = x, x = 5*r + 35. Suppose 2430 - 24570 = -62*b - 61*b. Calculate the greatest common divisor of b and x.
15
Let n = -22 + 28. Let m be (-8)/(-3) - 9/(81/n). Suppose m*a - 40 = -3*a. What is the highest common divisor of 72 and a?
8
Suppose 0 = -27*s + 22*s - 130. Suppose 2*l - 161 = 3*i + 3*l, 3*i - 2*l = -155. Let q = s - i. Calculate the highest common divisor of 189 and q.
27
Let y(m) = -m**2 - 9*m - 21. Let v be y(-4). Let p be v + 194 + (-1 - (9 - 15)). Calculate the greatest common divisor of 18 and p.
18
Let r(x) = -18*x**2 + 14 - 41 - 21*x - x**3 + 23*x**2 + 18*x**2. Let w be r(21). Calculate the highest common factor of w and 18.
18
Let r(d) = d**3 - 10*d**2 - 9*d + 12. Let t be r(11). Let h(k) = 5*k - 116. Let l be h(t). What is the greatest common factor of 1026 and l?
54
Suppose 2*a = 83*a - 2187. What is the greatest common factor of 1107 and a?
27
Let w(v) = 30*v**2 - 140*v + 8. Let d be w(7). Suppose 5*j - d = 1127. What is the greatest common divisor of j and 130?
65
Let o be (147 - (-2 - 4))*10. Suppose -2*p = -7*p + o. What is the highest common factor of p and 9?
9
Let g be 1032 + -17 - (-14)/(-1). What is the greatest common factor of 2717 and g?
143
Suppose 4*i - 28 = -4*b + 100, -5*b = 3*i - 160. Let k = -18 + 62. What is the highest common divisor of b and k?
4
Let h be 15/5*(-122)/(-6). Suppose -6*j + 25 = h. Let u(z) = -z**3 - 2*z**2 + 9*z + 5. Let f be u(j). Calculate the highest common factor of f and 19.
19
Let g(x) = x**2 + 13*x - 46. Let b be g(-16). Let q be ((-52)/(-8) - b)*10. What is the greatest common divisor of 5 and q?
5
Let t(i) = 7*i + 557. Let p be t(-11). Calculate the highest common factor of 512 and p.
32
Let u = 25 - 11. Suppose 2*h = 3*m - u, 6*h - 14 = -4*m + 4*h. Suppose 16 = 4*p + m*p. Calculate the highest common divisor of p and 8.
2
Let h(x) = -x**2. Let n be h(0). Suppose 4*t - 80 + 8 = n. Calculate the greatest common divisor of 6 and t.
6
Let k(j) = j**3 - 9*j**2 - 15*j + 12. Let s be k(10). Suppose -2*f - 42 = -f. Let z = s - f. What is the greatest common factor of 44 and z?
4
Let q = 12067 + -9730. What is the greatest common factor of q and 369?
123
Let r(w) = 1372*w + 12465. Let q be r(-9). Calculate the greatest common divisor of 15171 and q.
39
Let n be (26/(-5))/((-38)/95) + -1. Suppose -s - 15*r + 15 = -n*r, 3*r = s - 45. Suppose o - 8 = 7. Calculate the greatest common factor of s and o.
15
Let l = 225 - 226. Let u be (-3 - -23)/((-3)/63)*l. Calculate the highest common factor of u and 60.
60
Suppose -4*w = -5*r - 11004, -43*r + 45*r = 0. Calculate the greatest common divisor of 524 and w.
131
Suppose t = -m + 4, 5*m - m + 2*t = 16. Suppose 0*f - m*f = -260. Suppose 4*r = 255 + f. What is the highest common factor of 32 and r?
16
Suppose 0 = -m - 3*j + 43, 0 = 3*m + j - 15 - 130. What is the highest common factor of m and 20531?
49
Let g = 52 + -62. Let c(m) = m**2 + 13*m + 34. Let x be c(g). Suppose -x*n + 97 = -111. What is the highest common divisor of n and 39?
13
Let r be ((-70119)/(-51) - 6/(-51)) + 9. What is the greatest common factor of 2249 and r?
173
Let f be 36 - ((-5)/5)/(-1 + (-12)/(-14)). Calculate the greatest common divisor of f and 24998.
29
Let z(q) = -q**2 - 8*q - 9. Let g be z(-7). Let l be 1 - ((-207)/27)/(g/(-6)). What is the greatest common factor of l and 40?
8
Let q = 4839 - 4816. Let h be ((-8)/6)/((-1)/138). What is the greatest common divisor of h and q?
23
Let s(l) = l**3 - 6*l**2 - 10*l + 30. Let k be s(8). What is the greatest common divisor of 2067 and k?
39
Let u = -21870 - -31477. Calculate the highest common factor of 13 and u.
13
Suppose 3*d - 33 = -0. Suppose 0 = -0*b + 3*b + 5*u - 147, -3*b - 3*u + 141 = 0. Suppose j + 3*j = b. Calculate the highest common factor of j and d.
11
Let u be 24/(-1)*(8 - 0). Let z = 212 + u.